[INFO] fetching crate assembly-pack 0.1.0...
[INFO] checking assembly-pack-0.1.0 against master#af3c6e733a40e671550e0f0f5aeecaa13772ba56 for pr-74989
[INFO] extracting crate assembly-pack 0.1.0 into /workspace/builds/worker-8/source
[INFO] validating manifest of crates.io crate assembly-pack 0.1.0 on toolchain af3c6e733a40e671550e0f0f5aeecaa13772ba56
[INFO] running `Command { std: "/workspace/cargo-home/bin/cargo" "+af3c6e733a40e671550e0f0f5aeecaa13772ba56" "read-manifest" "--manifest-path" "Cargo.toml", kill_on_drop: false }`
[INFO] started tweaking crates.io crate assembly-pack 0.1.0
[INFO] finished tweaking crates.io crate assembly-pack 0.1.0
[INFO] tweaked toml for crates.io crate assembly-pack 0.1.0 written to /workspace/builds/worker-8/source/Cargo.toml
[INFO] running `Command { std: "/workspace/cargo-home/bin/cargo" "+af3c6e733a40e671550e0f0f5aeecaa13772ba56" "generate-lockfile" "--manifest-path" "Cargo.toml" "-Zno-index-update", kill_on_drop: false }`
[INFO] [stderr]     Blocking waiting for file lock on package cache
[INFO] running `Command { std: "/workspace/cargo-home/bin/cargo" "+af3c6e733a40e671550e0f0f5aeecaa13772ba56" "fetch" "--locked" "--manifest-path" "Cargo.toml", kill_on_drop: false }`
[INFO] running `Command { std: "docker" "create" "-v" "/var/lib/crater-agent-workspace/builds/worker-8/target:/opt/rustwide/target:rw,Z" "-v" "/var/lib/crater-agent-workspace/builds/worker-8/source:/opt/rustwide/workdir:ro,Z" "-v" "/var/lib/crater-agent-workspace/cargo-home:/opt/rustwide/cargo-home:ro,Z" "-v" "/var/lib/crater-agent-workspace/rustup-home:/opt/rustwide/rustup-home:ro,Z" "-e" "SOURCE_DIR=/opt/rustwide/workdir" "-e" "CARGO_TARGET_DIR=/opt/rustwide/target" "-e" "CARGO_HOME=/opt/rustwide/cargo-home" "-e" "RUSTUP_HOME=/opt/rustwide/rustup-home" "-w" "/opt/rustwide/workdir" "-m" "1610612736" "--user" "0:0" "--network" "none" "rustops/crates-build-env@sha256:d92eaeed33fa75130ca1ee6c8a01d1ffb62bac859dfdfb3450e3e5d1c0146529" "/opt/rustwide/cargo-home/bin/cargo" "+af3c6e733a40e671550e0f0f5aeecaa13772ba56" "metadata" "--no-deps" "--format-version=1", kill_on_drop: false }`
[INFO] [stdout] ff631341754f0f0f2ae2f94644a469fc822d45300626f47aeeb689be32852bdf
[INFO] [stderr] WARNING: Your kernel does not support swap limit capabilities or the cgroup is not mounted. Memory limited without swap.
[INFO] running `Command { std: "docker" "start" "-a" "ff631341754f0f0f2ae2f94644a469fc822d45300626f47aeeb689be32852bdf", kill_on_drop: false }`
[INFO] running `Command { std: "docker" "inspect" "ff631341754f0f0f2ae2f94644a469fc822d45300626f47aeeb689be32852bdf", kill_on_drop: false }`
[INFO] running `Command { std: "docker" "rm" "-f" "ff631341754f0f0f2ae2f94644a469fc822d45300626f47aeeb689be32852bdf", kill_on_drop: false }`
[INFO] [stdout] ff631341754f0f0f2ae2f94644a469fc822d45300626f47aeeb689be32852bdf
[INFO] running `Command { std: "docker" "create" "-v" "/var/lib/crater-agent-workspace/builds/worker-8/target:/opt/rustwide/target:rw,Z" "-v" "/var/lib/crater-agent-workspace/builds/worker-8/source:/opt/rustwide/workdir:ro,Z" "-v" "/var/lib/crater-agent-workspace/cargo-home:/opt/rustwide/cargo-home:ro,Z" "-v" "/var/lib/crater-agent-workspace/rustup-home:/opt/rustwide/rustup-home:ro,Z" "-e" "SOURCE_DIR=/opt/rustwide/workdir" "-e" "CARGO_TARGET_DIR=/opt/rustwide/target" "-e" "CARGO_INCREMENTAL=0" "-e" "RUST_BACKTRACE=full" "-e" "RUSTFLAGS=--cap-lints=forbid" "-e" "CARGO_HOME=/opt/rustwide/cargo-home" "-e" "RUSTUP_HOME=/opt/rustwide/rustup-home" "-w" "/opt/rustwide/workdir" "-m" "1610612736" "--user" "0:0" "--network" "none" "rustops/crates-build-env@sha256:d92eaeed33fa75130ca1ee6c8a01d1ffb62bac859dfdfb3450e3e5d1c0146529" "/opt/rustwide/cargo-home/bin/cargo" "+af3c6e733a40e671550e0f0f5aeecaa13772ba56" "check" "--frozen" "--all" "--all-targets" "--message-format=json", kill_on_drop: false }`
[INFO] [stdout] a0f13309810df23b0617b810068a33aa849285022d126cfe205b9531828e698b
[INFO] [stderr] WARNING: Your kernel does not support swap limit capabilities or the cgroup is not mounted. Memory limited without swap.
[INFO] running `Command { std: "docker" "start" "-a" "a0f13309810df23b0617b810068a33aa849285022d126cfe205b9531828e698b", kill_on_drop: false }`
[INFO] [stderr]     Checking encoding_index_tests v0.1.4
[INFO] [stderr]    Compiling proc-macro2 v0.4.30
[INFO] [stderr]    Compiling ryu v1.0.5
[INFO] [stderr]    Compiling unicode-xid v0.1.0
[INFO] [stderr]    Compiling autocfg v1.0.1
[INFO] [stderr]    Compiling memchr v2.3.3
[INFO] [stderr]    Compiling lexical-core v0.7.4
[INFO] [stderr]    Compiling syn v0.15.44
[INFO] [stderr]    Compiling num-derive v0.2.5
[INFO] [stderr]     Checking static_assertions v1.1.0
[INFO] [stderr]     Checking arrayvec v0.5.1
[INFO] [stderr]     Checking adler32 v1.2.0
[INFO] [stderr]     Checking rle-decode-fast v1.0.1
[INFO] [stderr]     Checking take_mut v0.2.2
[INFO] [stderr]     Checking unicode-width v0.1.8
[INFO] [stderr]    Compiling nom v5.1.2
[INFO] [stderr]     Checking crc32fast v1.2.0
[INFO] [stderr]     Checking encoding-index-japanese v1.20141219.5
[INFO] [stderr]     Checking encoding-index-tradchinese v1.20141219.5
[INFO] [stderr]     Checking encoding-index-singlebyte v1.20141219.5
[INFO] [stderr]     Checking encoding-index-simpchinese v1.20141219.5
[INFO] [stderr]     Checking encoding-index-korean v1.20141219.5
[INFO] [stderr]     Checking getopts v0.2.21
[INFO] [stderr]     Checking libflate v0.1.27
[INFO] [stderr]    Compiling num-traits v0.2.12
[INFO] [stderr]     Checking encoding v0.2.33
[INFO] [stderr]    Compiling quote v0.6.13
[INFO] [stderr]     Checking assembly-core v0.1.0
[INFO] [stderr]     Checking assembly-pack v0.1.0 (/opt/rustwide/workdir)
[INFO] [stdout] warning: trait objects without an explicit `dyn` are deprecated
[INFO] [stdout]    --> src/pk/reader.rs:108:82
[INFO] [stdout]     |
[INFO] [stdout] 108 |     pub fn get_file_data<'c, 'b: 'c>(&'b mut self, entry: PKEntry) -> Result<Box<Read + 'c>, StreamError> {
[INFO] [stdout]     |                                                                                  ^^^^^^^^^ help: use `dyn`: `dyn Read + 'c`
[INFO] [stdout]     |
[INFO] [stdout]     = note: `#[warn(bare_trait_objects)]` on by default
[INFO] [stdout] 
[INFO] [stdout] 
[INFO] [stdout] warning: trait objects without an explicit `dyn` are deprecated
[INFO] [stdout]    --> src/pk/reader.rs:108:82
[INFO] [stdout]     |
[INFO] [stdout] 108 |     pub fn get_file_data<'c, 'b: 'c>(&'b mut self, entry: PKEntry) -> Result<Box<Read + 'c>, StreamError> {
[INFO] [stdout]     |                                                                                  ^^^^^^^^^ help: use `dyn`: `dyn Read + 'c`
[INFO] [stdout]     |
[INFO] [stdout]     = note: `#[warn(bare_trait_objects)]` on by default
[INFO] [stdout] 
[INFO] [stdout] 
[INFO] [stdout] warning: unused return value of `std::mem::replace` that must be used
[INFO] [stdout]    --> src/sd0/stream.rs:163:21
[INFO] [stdout]     |
[INFO] [stdout] 163 |                     std::mem::replace(&mut self.decoder, Some(decoder));
[INFO] [stdout]     |                     ^^^^^^^^^^^^^^^^^^^^^^^^^^^^^^^^^^^^^^^^^^^^^^^^^^^^
[INFO] [stdout]     |
[INFO] [stdout]     = note: `#[warn(unused_must_use)]` on by default
[INFO] [stdout]     = note: if you don't need the old value, you can just assign the new value directly
[INFO] [stdout] 
[INFO] [stdout] 
[INFO] [stdout] warning: 2 warnings emitted
[INFO] [stdout] 
[INFO] [stdout] 
[INFO] [stdout] warning: unused return value of `std::mem::replace` that must be used
[INFO] [stdout]    --> src/sd0/stream.rs:163:21
[INFO] [stdout]     |
[INFO] [stdout] 163 |                     std::mem::replace(&mut self.decoder, Some(decoder));
[INFO] [stdout]     |                     ^^^^^^^^^^^^^^^^^^^^^^^^^^^^^^^^^^^^^^^^^^^^^^^^^^^^
[INFO] [stdout]     |
[INFO] [stdout]     = note: `#[warn(unused_must_use)]` on by default
[INFO] [stdout]     = note: if you don't need the old value, you can just assign the new value directly
[INFO] [stdout] 
[INFO] [stdout] 
[INFO] [stdout] warning: 2 warnings emitted
[INFO] [stdout] 
[INFO] [stdout] 
[INFO] [stdout] error[E0433]: failed to resolve: use of undeclared type or module `assembly`
[INFO] [stdout]  --> examples/pki-find.rs:2:5
[INFO] [stdout]   |
[INFO] [stdout] 2 | use assembly::pki::core::PackIndexFile;
[INFO] [stdout]   |     ^^^^^^^^ use of undeclared type or module `assembly`
[INFO] [stdout] 
[INFO] [stdout] 
[INFO] [stdout] error[E0433]: failed to resolve: use of undeclared type or module `assembly`
[INFO] [stdout]  --> examples/pki-find.rs:3:5
[INFO] [stdout]   |
[INFO] [stdout] 3 | use assembly::pki::io::{LoadError};
[INFO] [stdout]   |     ^^^^^^^^ use of undeclared type or module `assembly`
[INFO] [stdout] 
[INFO] [stdout] 
[INFO] [stdout] error[E0433]: failed to resolve: use of undeclared type or module `assembly`
[INFO] [stdout]  --> examples/pk-file.rs:1:5
[INFO] [stdout]   |
[INFO] [stdout] 1 | use assembly::pk::reader::{PackFile, PackEntryAccessor};
[INFO] [stdout]   |     ^^^^^^^^ use of undeclared type or module `assembly`
[INFO] [stdout] 
[INFO] [stdout] 
[INFO] [stdout] error[E0433]: failed to resolve: use of undeclared type or module `assembly`
[INFO] [stdout]  --> examples/pk-file.rs:2:5
[INFO] [stdout]   |
[INFO] [stdout] 2 | use assembly::pk::file::{PKEntry};
[INFO] [stdout]   |     ^^^^^^^^ use of undeclared type or module `assembly`
[INFO] [stdout] 
[INFO] [stdout] 
[INFO] [stdout] error[E0433]: failed to resolve: use of undeclared type or module `assembly`
[INFO] [stdout]  --> examples/pk-file.rs:3:5
[INFO] [stdout]   |
[INFO] [stdout] 3 | use assembly::core::reader::{FileError, FileResult};
[INFO] [stdout]   |     ^^^^^^^^ use of undeclared type or module `assembly`
[INFO] [stdout] 
[INFO] [stdout] 
[INFO] [stdout] error[E0433]: failed to resolve: use of undeclared type or module `assembly`
[INFO] [stdout]  --> examples/pk-entries.rs:1:5
[INFO] [stdout]   |
[INFO] [stdout] 1 | use assembly::pk::reader::{PackFile, PackEntryAccessor};
[INFO] [stdout]   |     ^^^^^^^^ use of undeclared type or module `assembly`
[INFO] [stdout] 
[INFO] [stdout] 
[INFO] [stdout] error[E0433]: failed to resolve: use of undeclared type or module `assembly`
[INFO] [stdout]  --> examples/pk-entries.rs:2:5
[INFO] [stdout]   |
[INFO] [stdout] 2 | use assembly::pk::file::{PKEntry};
[INFO] [stdout]   |     ^^^^^^^^ use of undeclared type or module `assembly`
[INFO] [stdout] 
[INFO] [stdout] 
[INFO] [stdout] error[E0433]: failed to resolve: use of undeclared type or module `assembly`
[INFO] [stdout]  --> examples/pk-entries.rs:3:5
[INFO] [stdout]   |
[INFO] [stdout] 3 | use assembly::core::reader::{FileError, FileResult};
[INFO] [stdout]   |     ^^^^^^^^ use of undeclared type or module `assembly`
[INFO] [stdout] 
[INFO] [stdout] 
[INFO] [stdout] error[E0433]: failed to resolve: use of undeclared type or module `assembly`
[INFO] [stdout]  --> examples/pki-list.rs:2:5
[INFO] [stdout]   |
[INFO] [stdout] 2 | use assembly::pki::{io::LoadError, core::PackIndexFile};
[INFO] [stdout]   |     ^^^^^^^^ use of undeclared type or module `assembly`
[INFO] [stdout] 
[INFO] [stdout] 
[INFO] [stdout] error[E0412]: cannot find type `LoadError` in this scope
[INFO] [stdout]  --> examples/pki-find.rs:9:10
[INFO] [stdout]   |
[INFO] [stdout] 9 |     Load(LoadError),
[INFO] [stdout]   |          ^^^^^^^^^ not found in this scope
[INFO] [stdout]   |
[INFO] [stdout] help: consider importing this enum
[INFO] [stdout]   |
[INFO] [stdout] 1 | use assembly_pack::pki::io::LoadError;
[INFO] [stdout]   |
[INFO] [stdout] 
[INFO] [stdout] 
[INFO] [stdout] error[E0412]: cannot find type `LoadError` in this scope
[INFO] [stdout]   --> examples/pki-find.rs:13:11
[INFO] [stdout]    |
[INFO] [stdout] 13 | impl From<LoadError> for MainError {
[INFO] [stdout]    |           ^^^^^^^^^ not found in this scope
[INFO] [stdout]    |
[INFO] [stdout] help: consider importing this enum
[INFO] [stdout]    |
[INFO] [stdout] 1  | use assembly_pack::pki::io::LoadError;
[INFO] [stdout]    |
[INFO] [stdout] 
[INFO] [stdout] 
[INFO] [stdout] error[E0412]: cannot find type `LoadError` in this scope
[INFO] [stdout]   --> examples/pki-find.rs:14:16
[INFO] [stdout]    |
[INFO] [stdout] 14 |     fn from(e: LoadError) -> Self {
[INFO] [stdout]    |                ^^^^^^^^^ not found in this scope
[INFO] [stdout]    |
[INFO] [stdout] help: consider importing this enum
[INFO] [stdout]    |
[INFO] [stdout] 1  | use assembly_pack::pki::io::LoadError;
[INFO] [stdout]    |
[INFO] [stdout] 
[INFO] [stdout] 
[INFO] [stdout] error[E0433]: failed to resolve: use of undeclared type or module `PackIndexFile`
[INFO] [stdout]   --> examples/pki-find.rs:40:19
[INFO] [stdout]    |
[INFO] [stdout] 40 |         let pki = PackIndexFile::try_from(filename.as_ref())?;
[INFO] [stdout]    |                   ^^^^^^^^^^^^^ not found in this scope
[INFO] [stdout]    |
[INFO] [stdout] help: consider importing this struct
[INFO] [stdout]    |
[INFO] [stdout] 1  | use assembly_pack::pki::core::PackIndexFile;
[INFO] [stdout]    |
[INFO] [stdout] 
[INFO] [stdout] 
[INFO] [stdout] error[E0412]: cannot find type `FileError` in this scope
[INFO] [stdout]   --> examples/pk-file.rs:17:10
[INFO] [stdout]    |
[INFO] [stdout] 17 |     File(FileError),
[INFO] [stdout]    |          ^^^^^^^^^ not found in this scope
[INFO] [stdout]    |
[INFO] [stdout] help: consider importing this enum
[INFO] [stdout]    |
[INFO] [stdout] 1  | use assembly_core::reader::FileError;
[INFO] [stdout]    |
[INFO] [stdout] 
[INFO] [stdout] 
[INFO] [stdout] error[E0412]: cannot find type `FileError` in this scope
[INFO] [stdout]   --> examples/pk-file.rs:20:11
[INFO] [stdout]    |
[INFO] [stdout] 20 | impl From<FileError> for MainError {
[INFO] [stdout]    |           ^^^^^^^^^ not found in this scope
[INFO] [stdout]    |
[INFO] [stdout] help: consider importing this enum
[INFO] [stdout]    |
[INFO] [stdout] 1  | use assembly_core::reader::FileError;
[INFO] [stdout]    |
[INFO] [stdout] 
[INFO] [stdout] 
[INFO] [stdout] error[E0412]: cannot find type `FileError` in this scope
[INFO] [stdout]   --> examples/pk-file.rs:21:16
[INFO] [stdout]    |
[INFO] [stdout] 21 |     fn from(e: FileError) -> Self {
[INFO] [stdout]    |                ^^^^^^^^^ not found in this scope
[INFO] [stdout]    |
[INFO] [stdout] help: consider importing this enum
[INFO] [stdout]    |
[INFO] [stdout] 1  | use assembly_core::reader::FileError;
[INFO] [stdout]    |
[INFO] [stdout] 
[INFO] [stdout] 
[INFO] [stdout] error[E0412]: cannot find type `PackEntryAccessor` in this scope
[INFO] [stdout]   --> examples/pk-file.rs:27:22
[INFO] [stdout]    |
[INFO] [stdout] 27 |     entries: &'b mut PackEntryAccessor<'b,'a,T>,
[INFO] [stdout]    |                      ^^^^^^^^^^^^^^^^^ not found in this scope
[INFO] [stdout]    |
[INFO] [stdout] help: consider importing this struct
[INFO] [stdout]    |
[INFO] [stdout] 1  | use assembly_pack::pk::reader::PackEntryAccessor;
[INFO] [stdout]    |
[INFO] [stdout] 
[INFO] [stdout] 
[INFO] [stdout] error[E0412]: cannot find type `FileResult` in this scope
[INFO] [stdout]   --> examples/pk-file.rs:28:19
[INFO] [stdout]    |
[INFO] [stdout] 28 |     entry: Option<FileResult<PKEntry>>,
[INFO] [stdout]    |                   ^^^^^^^^^^ not found in this scope
[INFO] [stdout]    |
[INFO] [stdout] help: consider importing this type alias
[INFO] [stdout]    |
[INFO] [stdout] 1  | use assembly_core::reader::FileResult;
[INFO] [stdout]    |
[INFO] [stdout] 
[INFO] [stdout] 
[INFO] [stdout] error[E0412]: cannot find type `PKEntry` in this scope
[INFO] [stdout]   --> examples/pk-file.rs:28:30
[INFO] [stdout]    |
[INFO] [stdout] 28 |     entry: Option<FileResult<PKEntry>>,
[INFO] [stdout]    |                              ^^^^^^^ not found in this scope
[INFO] [stdout]    |
[INFO] [stdout] help: consider importing this struct
[INFO] [stdout]    |
[INFO] [stdout] 1  | use assembly_pack::pk::file::PKEntry;
[INFO] [stdout]    |
[INFO] [stdout] 
[INFO] [stdout] 
[INFO] [stdout] error[E0433]: failed to resolve: use of undeclared type or module `PackFile`
[INFO] [stdout]   --> examples/pk-file.rs:69:24
[INFO] [stdout]    |
[INFO] [stdout] 69 |         let mut pack = PackFile::open(&mut reader);
[INFO] [stdout]    |                        ^^^^^^^^ not found in this scope
[INFO] [stdout]    |
[INFO] [stdout] help: consider importing this struct
[INFO] [stdout]    |
[INFO] [stdout] 1  | use assembly_pack::pk::reader::PackFile;
[INFO] [stdout]    |
[INFO] [stdout] 
[INFO] [stdout] 
[INFO] [stdout] error[E0433]: failed to resolve: use of undeclared type or module `env`
[INFO] [stdout]   --> examples/pki-list.rs:22:29
[INFO] [stdout]    |
[INFO] [stdout] 22 |     let args: Vec<String> = env::args().collect();
[INFO] [stdout]    |                             ^^^ use of undeclared type or module `env`
[INFO] [stdout] 
[INFO] [stdout] 
[INFO] [stdout] error[E0412]: cannot find type `LoadError` in this scope
[INFO] [stdout]  --> examples/pki-list.rs:7:10
[INFO] [stdout]   |
[INFO] [stdout] 7 |     Load(LoadError),
[INFO] [stdout]   |          ^^^^^^^^^ not found in this scope
[INFO] [stdout]   |
[INFO] [stdout] help: consider importing this enum
[INFO] [stdout]   |
[INFO] [stdout] 1 | use assembly_pack::pki::io::LoadError;
[INFO] [stdout]   |
[INFO] [stdout] 
[INFO] [stdout] 
[INFO] [stdout] error[E0412]: cannot find type `LoadError` in this scope
[INFO] [stdout]   --> examples/pki-list.rs:10:11
[INFO] [stdout]    |
[INFO] [stdout] 10 | impl From<LoadError> for MainError {
[INFO] [stdout]    |           ^^^^^^^^^ not found in this scope
[INFO] [stdout]    |
[INFO] [stdout] help: consider importing this enum
[INFO] [stdout]    |
[INFO] [stdout] 1  | use assembly_pack::pki::io::LoadError;
[INFO] [stdout]    |
[INFO] [stdout] 
[INFO] [stdout] 
[INFO] [stdout] error[E0412]: cannot find type `LoadError` in this scope
[INFO] [stdout]   --> examples/pki-list.rs:11:16
[INFO] [stdout]    |
[INFO] [stdout] 11 |     fn from(e: LoadError) -> Self {
[INFO] [stdout]    |                ^^^^^^^^^ not found in this scope
[INFO] [stdout]    |
[INFO] [stdout] help: consider importing this enum
[INFO] [stdout]    |
[INFO] [stdout] 1  | use assembly_pack::pki::io::LoadError;
[INFO] [stdout]    |
[INFO] [stdout] 
[INFO] [stdout] 
[INFO] [stdout] error[E0433]: failed to resolve: use of undeclared type or module `PackIndexFile`
[INFO] [stdout]   --> examples/pki-list.rs:38:9
[INFO] [stdout]    |
[INFO] [stdout] 38 |         PackIndexFile::try_from(filename.as_ref())?
[INFO] [stdout]    |         ^^^^^^^^^^^^^ not found in this scope
[INFO] [stdout]    |
[INFO] [stdout] help: consider importing this struct
[INFO] [stdout]    |
[INFO] [stdout] 1  | use assembly_pack::pki::core::PackIndexFile;
[INFO] [stdout]    |
[INFO] [stdout] 
[INFO] [stdout] 
[INFO] [stdout] error: aborting due to 6 previous errors
[INFO] [stdout] 
[INFO] [stdout] 
[INFO] [stdout] Some errors have detailed explanations: E0412, E0433.
[INFO] [stdout] 
[INFO] [stdout] For more information about an error, try `rustc --explain E0412`.
[INFO] [stdout] 
[INFO] [stdout] warning: unused import: `std::convert::TryFrom`
[INFO] [stdout]  --> examples/pki-list.rs:3:5
[INFO] [stdout]   |
[INFO] [stdout] 3 | use std::convert::TryFrom;
[INFO] [stdout]   |     ^^^^^^^^^^^^^^^^^^^^^
[INFO] [stdout]   |
[INFO] [stdout]   = note: `#[warn(unused_imports)]` on by default
[INFO] [stdout] 
[INFO] [stdout] 
[INFO] [stderr] error: could not compile `assembly-pack`.
[INFO] [stderr] 
[INFO] [stderr] To learn more, run the command again with --verbose.
[INFO] [stderr] warning: build failed, waiting for other jobs to finish...
[INFO] [stdout] error: aborting due to 10 previous errors
[INFO] [stdout] 
[INFO] [stdout] 
[INFO] [stdout] Some errors have detailed explanations: E0412, E0433.
[INFO] [stdout] 
[INFO] [stdout] For more information about an error, try `rustc --explain E0412`.
[INFO] [stdout] 
[INFO] [stdout] error[E0412]: cannot find type `FileError` in this scope
[INFO] [stdout]   --> examples/pk-entries.rs:15:10
[INFO] [stdout]    |
[INFO] [stdout] 15 |     File(FileError),
[INFO] [stdout]    |          ^^^^^^^^^ not found in this scope
[INFO] [stdout]    |
[INFO] [stdout] help: consider importing this enum
[INFO] [stdout]    |
[INFO] [stdout] 1  | use assembly_core::reader::FileError;
[INFO] [stdout]    |
[INFO] [stdout] 
[INFO] [stdout] 
[INFO] [stdout] error[E0412]: cannot find type `FileError` in this scope
[INFO] [stdout]   --> examples/pk-entries.rs:18:11
[INFO] [stdout]    |
[INFO] [stdout] 18 | impl From<FileError> for MainError {
[INFO] [stdout]    |           ^^^^^^^^^ not found in this scope
[INFO] [stdout]    |
[INFO] [stdout] help: consider importing this enum
[INFO] [stdout]    |
[INFO] [stdout] 1  | use assembly_core::reader::FileError;
[INFO] [stdout]    |
[INFO] [stdout] 
[INFO] [stdout] 
[INFO] [stdout] error[E0412]: cannot find type `FileError` in this scope
[INFO] [stdout]   --> examples/pk-entries.rs:19:16
[INFO] [stdout]    |
[INFO] [stdout] 19 |     fn from(e: FileError) -> Self {
[INFO] [stdout]    |                ^^^^^^^^^ not found in this scope
[INFO] [stdout]    |
[INFO] [stdout] help: consider importing this enum
[INFO] [stdout]    |
[INFO] [stdout] 1  | use assembly_core::reader::FileError;
[INFO] [stdout]    |
[INFO] [stdout] 
[INFO] [stdout] 
[INFO] [stdout] error[E0412]: cannot find type `PackEntryAccessor` in this scope
[INFO] [stdout]   --> examples/pk-entries.rs:25:19
[INFO] [stdout]    |
[INFO] [stdout] 25 |     entries: &mut PackEntryAccessor<'b,'a,T>,
[INFO] [stdout]    |                   ^^^^^^^^^^^^^^^^^ not found in this scope
[INFO] [stdout]    |
[INFO] [stdout] help: consider importing this struct
[INFO] [stdout]    |
[INFO] [stdout] 1  | use assembly_pack::pk::reader::PackEntryAccessor;
[INFO] [stdout]    |
[INFO] [stdout] 
[INFO] [stdout] 
[INFO] [stdout] error[E0412]: cannot find type `FileResult` in this scope
[INFO] [stdout]   --> examples/pk-entries.rs:26:19
[INFO] [stdout]    |
[INFO] [stdout] 26 |     entry: Option<FileResult<PKEntry>>
[INFO] [stdout]    |                   ^^^^^^^^^^ not found in this scope
[INFO] [stdout]    |
[INFO] [stdout] help: consider importing this type alias
[INFO] [stdout]    |
[INFO] [stdout] 1  | use assembly_core::reader::FileResult;
[INFO] [stdout]    |
[INFO] [stdout] 
[INFO] [stdout] 
[INFO] [stdout] error[E0412]: cannot find type `PKEntry` in this scope
[INFO] [stdout]   --> examples/pk-entries.rs:26:30
[INFO] [stdout]    |
[INFO] [stdout] 26 |     entry: Option<FileResult<PKEntry>>
[INFO] [stdout]    |                              ^^^^^^^ not found in this scope
[INFO] [stdout]    |
[INFO] [stdout] help: consider importing this struct
[INFO] [stdout]    |
[INFO] [stdout] 1  | use assembly_pack::pk::file::PKEntry;
[INFO] [stdout]    |
[INFO] [stdout] 
[INFO] [stdout] 
[INFO] [stdout] error[E0433]: failed to resolve: use of undeclared type or module `PackFile`
[INFO] [stdout]   --> examples/pk-entries.rs:63:24
[INFO] [stdout]    |
[INFO] [stdout] 63 |         let mut pack = PackFile::open(&mut reader);
[INFO] [stdout]    |                        ^^^^^^^^ not found in this scope
[INFO] [stdout]    |
[INFO] [stdout] help: consider importing this struct
[INFO] [stdout]    |
[INFO] [stdout] 1  | use assembly_pack::pk::reader::PackFile;
[INFO] [stdout]    |
[INFO] [stdout] 
[INFO] [stdout] 
[INFO] [stdout] error: aborting due to 6 previous errors; 1 warning emitted
[INFO] [stdout] 
[INFO] [stdout] 
[INFO] [stdout] Some errors have detailed explanations: E0412, E0433.
[INFO] [stdout] 
[INFO] [stdout] For more information about an error, try `rustc --explain E0412`.
[INFO] [stdout] 
[INFO] [stdout] error: aborting due to 10 previous errors
[INFO] [stdout] 
[INFO] [stdout] 
[INFO] [stdout] Some errors have detailed explanations: E0412, E0433.
[INFO] [stdout] 
[INFO] [stdout] For more information about an error, try `rustc --explain E0412`.
[INFO] [stdout] 
[INFO] [stderr] error: build failed
[INFO] running `Command { std: "docker" "inspect" "a0f13309810df23b0617b810068a33aa849285022d126cfe205b9531828e698b", kill_on_drop: false }`
[INFO] running `Command { std: "docker" "rm" "-f" "a0f13309810df23b0617b810068a33aa849285022d126cfe205b9531828e698b", kill_on_drop: false }`
[INFO] [stdout] a0f13309810df23b0617b810068a33aa849285022d126cfe205b9531828e698b
